{"id":564,"date":"2022-02-17T16:35:34","date_gmt":"2022-02-17T20:35:34","guid":{"rendered":"https:\/\/ltec.cl\/site\/?page_id=564"},"modified":"2022-03-21T15:32:32","modified_gmt":"2022-03-21T19:32:32","slug":"info_2","status":"publish","type":"page","link":"https:\/\/ltec.cl\/site\/info_2\/","title":{"rendered":"Ley de Transformacion digital del Estado"},"content":{"rendered":"\n\n\n<h2>Ley de Transformaci\u00f3n digital del Estado<\/h2>\n\n\n\n\n\n\n\n\n\n\n<p><i><span lang=\"ES-CL\">\u201cLa Ley\nn\u00b021.180 impulsa que el ciclo completo de los procedimientos administrativos de\ntodos los \u00f3rganos de la Administraci\u00f3n del Estado sujetos a Ley de Bases de\nProcedimiento Administrativo (19.880), se realice en formato electr\u00f3nico. Esto\npermitir\u00e1 otorgar mayor certeza, seguridad y velocidad en la entrega de\nservicios a las personas, junto con una mayor transparencia de los procesos y\nactuaciones del Estado en su relaci\u00f3n con los ciudadanos.\u201d<o:p><\/o:p><\/span><\/i><\/p><p><i><span lang=\"ES-CL\"><br><\/span><\/i><\/p><p>Para el \u00f3ptimo\ndesarrollo de esta ley, se consideran 6 ejes:<\/p><p><b><span lang=\"ES-CL\">Comunicaciones electr\u00f3nicas:<\/span><\/b><span lang=\"ES-CL\"> Las comunicaciones oficiales entre \u00f3rganos ser\u00e1n registradas en\nDocDigital.<o:p><\/o:p><\/span><\/p><p><b><span lang=\"ES-CL\">Notificaciones electr\u00f3nicas:<\/span><\/b><span lang=\"ES-CL\"> Las notificaciones se llevar\u00e1n a cabo a trav\u00e9s de medios\nelectr\u00f3nicos:<o:p><\/o:p><\/span><\/p><p><b><span lang=\"ES-CL\">Procedimientos\nadministrativos:<\/span><\/b><span lang=\"ES-CL\"> El ingreso de solicitudes o\ndocumentos, se har\u00e1 v\u00eda formatos electr\u00f3nicos.<o:p><\/o:p><\/span><\/p><p><b><span lang=\"ES-CL\">Expedientes electr\u00f3nicos:<\/span><\/b><span lang=\"ES-CL\"> El procedimiento administrativo deber\u00e1 constar en expedientes\nelectr\u00f3nicos.<o:p><\/o:p><\/span><\/p><p><b><span lang=\"ES-CL\">Digitalizaci\u00f3n de\ndocumentos:<\/span><\/b><span lang=\"ES-CL\"> Las solicitudes en papel ser\u00e1n\ndigitalizadas e ingresadas al expediente electr\u00f3nico.<o:p><\/o:p><\/span><\/p><p><span lang=\"ES-CL\">\n<\/span><\/p><p><b><span lang=\"ES-CL\">Principio de\nInteroperabilidad:<\/span><\/b><span lang=\"ES-CL\"> Aplicaci\u00f3n del principio de\nInteroperabilidad entre instituciones.<o:p><\/o:p><\/span><\/p><p><span lang=\"ES-CL\"><br><\/span><\/p>\n<p><span>.<\/span><br><\/p>\n\n\n\n\n\n\n<p><span lang=\"ES-CL\">La ley fue\npublicada en noviembre de 2019, luego en el a\u00f1o 2020 comienza la graduaci\u00f3n de\nimplementaci\u00f3n siendo aplicada solo en leyes especiales. Est\u00e1 en su tercera\netapa, en proceso de preparaci\u00f3n para la implementaci\u00f3n con instituciones y se\nespera que su implementaci\u00f3n total sea al mes de noviembre de 2024.<o:p><\/o:p><\/span><\/p>\n<p><span lang=\"ES-CL\">Cabe mencionar que tambi\u00e9n modifica\nlas leyes:<\/span><span lang=\"ES-CL\"><o:p><\/o:p><\/span><\/p>\n<p><\/p><ul><li><span lang=\"ES-CL\">Ley N\u00b0 19.880, que establece\nbases de los procedimientos administrativos que rigen los actos de los \u00f3rganos\nde la Administraci\u00f3n del Estado.<\/span><\/li><li><span lang=\"ES-CL\">Ley N\u00b0 18.845, que establece\nsistemas de microcopia o micro grabaci\u00f3n de documentos.<\/span><\/li><li><span lang=\"ES-CL\">Ley N\u00b0 21.045, que crea el\nMinisterio de las Culturas, las Artes y&nbsp;<o:p><\/o:p><\/span><span>el\nPatrimonio.<\/span><\/li><li><span>DFL N\u00b0 5.200 de 1929, sobre instituciones nacionales patrimoniales dependientes del Servicio Nacional del Patrimonio<\/span><\/li><li><span><br><\/span><\/li><\/ul><div>Fuente:&nbsp;https:\/\/digital.gob.cl\/transformacion-digital\/ley-de-transformacion-digital\/<\/div>\n\n\n<!--[if gte vml 1]><v:shapetype id=\"_x0000_t75\" coordsize=\"21600,21600\" o:spt=\"75\"\n o:preferrelative=\"t\" path=\"m@4@5l@4@11@9@11@9@5xe\" filled=\"f\" stroked=\"f\">\n <v:stroke joinstyle=\"miter\"\/>\n <v:formulas>\n  <v:f eqn=\"if lineDrawn pixelLineWidth 0\"\/>\n  <v:f eqn=\"sum @0 1 0\"\/>\n  <v:f eqn=\"sum 0 0 @1\"\/>\n  <v:f eqn=\"prod @2 1 2\"\/>\n  <v:f eqn=\"prod @3 21600 pixelWidth\"\/>\n  <v:f eqn=\"prod @3 21600 pixelHeight\"\/>\n  <v:f eqn=\"sum @0 0 1\"\/>\n  <v:f eqn=\"prod @6 1 2\"\/>\n  <v:f eqn=\"prod @7 21600 pixelWidth\"\/>\n  <v:f eqn=\"sum @8 21600 0\"\/>\n  <v:f eqn=\"prod @7 21600 pixelHeight\"\/>\n  <v:f eqn=\"sum @10 21600 0\"\/>\n <\/v:formulas>\n <v:path o:extrusionok=\"f\" gradientshapeok=\"t\" o:connecttype=\"rect\"\/>\n <o:lock v:ext=\"edit\" aspectratio=\"t\"\/>\n<\/v:shapetype><v:shape id=\"Imagen_x0020_4\" o:spid=\"_x0000_s1026\" type=\"#_x0000_t75\"\n alt=\"Imagen que contiene Interfaz de usuario gr\u00e1fica&#10;&#10;Descripci\u00f3n generada autom\u00e1ticamente\"\n style='position:absolute;margin-left:73.2pt;margin-top:34.75pt;width:229.5pt;\n height:80.3pt;z-index:251659264;visibility:visible;mso-wrap-style:square;\n mso-width-percent:0;mso-height-percent:0;mso-wrap-distance-left:9pt;\n mso-wrap-distance-top:0;mso-wrap-distance-right:9pt;\n mso-wrap-distance-bottom:0;mso-position-horizontal:absolute;\n mso-position-horizontal-relative:text;mso-position-vertical:absolute;\n mso-position-vertical-relative:text;mso-width-percent:0;mso-height-percent:0;\n mso-width-relative:margin;mso-height-relative:margin'>\n <v:imagedata src=\"file:\/\/\/C:\/Users\/keita\/AppData\/Local\/Temp\/msohtmlclip1\/01\/clip_image001.png\"\n  o:title=\"Imagen que contiene Interfaz de usuario gr\u00e1fica&#10;&#10;Descripci\u00f3n generada autom\u00e1ticamente\"\/>\n <w:wrap type=\"square\"\/>\n<\/v:shape><![endif]--><!--[if !vml]-->\n\n\n\n\n\n\n\n\n\n\n","protected":false},"excerpt":{"rendered":"","protected":false},"author":1,"featured_media":0,"parent":0,"menu_order":0,"comment_status":"closed","ping_status":"closed","template":"","meta":{"footnotes":""},"class_list":["post-564","page","type-page","status-publish","hentry"],"_links":{"self":[{"href":"https:\/\/ltec.cl\/site\/wp-json\/wp\/v2\/pages\/564","targetHints":{"allow":["GET"]}}],"collection":[{"href":"https:\/\/ltec.cl\/site\/wp-json\/wp\/v2\/pages"}],"about":[{"href":"https:\/\/ltec.cl\/site\/wp-json\/wp\/v2\/types\/page"}],"author":[{"embeddable":true,"href":"https:\/\/ltec.cl\/site\/wp-json\/wp\/v2\/users\/1"}],"replies":[{"embeddable":true,"href":"https:\/\/ltec.cl\/site\/wp-json\/wp\/v2\/comments?post=564"}],"version-history":[{"count":13,"href":"https:\/\/ltec.cl\/site\/wp-json\/wp\/v2\/pages\/564\/revisions"}],"predecessor-version":[{"id":723,"href":"https:\/\/ltec.cl\/site\/wp-json\/wp\/v2\/pages\/564\/revisions\/723"}],"wp:attachment":[{"href":"https:\/\/ltec.cl\/site\/wp-json\/wp\/v2\/media?parent=564"}],"curies":[{"name":"wp","href":"https:\/\/api.w.org\/{rel}","templated":true}]}}